base 11, what is 56 + 0?
56
In base 12, what is 2b21a - 5?
2b215
In base 9, what is -10 + 50?
40
In base 13, what is -164 - -40?
-124
In base 2, what is 110001 + -11?
101110
In base 7, what is -15102 + -3?
-15105
In base 2, what is 110101101001011 + 10?
110101101001101
In base 16, what is -168 - -b?
-15d
In base 13, what is -3 + 248?
245
In base 5, what is 341 + -1?
340
In base 8, what is -200 - -4?
-174
In base 4, what is 120012 + -10?
120002
In base 4, what is 323311 - 2?
323303
In base 3, what is -11 - 1021?
-1102
In base 9, what is -4857 + 3?
-4854
In base 15, what is 2 - 36?
-34
In base 5, what is 1 - -2343?
2344
In base 12, what is -71 + 3a?
-33
In base 12, what is 3b - -94?
113
In base 11, what is 14 + -116?
-102
In base 14, what is 40c - d?
3dd
In base 4, what is 2123101 + -2?
2123033
In base 16, what is -4 - -a1?
9d
In base 6, what is 2 - 11?
-5
In base 4, what is -33111 + 2?
-33103
In base 16, what is 8a - 3?
87
In base 14, what is -2781 + -4?
-2785
In base 7, what is 12 + -13?
-1
In base 4, what is 32 - -213?
311
In base 11, what is 96a - -4?
973
In base 16, what is 2b7 + 0?
2b7
In base 3, what is 0 + 112221?
112221
In base 10, what is 3 + -15?
-12
In base 6, what is -11055 - -3?
-11052
In base 11, what is 45 + 10?
55
In base 15, what is 48 + -1?
47
In base 7, what is 10 + 66?
106
In base 15, what is 4 - -27?
2b
In base 9, what is -258 - -3?
-255
In base 9, what is -112 - 65?
-177
In base 16, what is d81 - -2?
d83
In base 16, what is 2 - 45?
-43
In base 14, what is -84 - 24?
-a8
In base 14, what is -1 + 6?
5
In base 15, what is -5 - 317?
-31c
In base 6, what is -14045 - 0?
-14045
In base 14, what is -8 - 4d?
-57
In base 14, what is -90 - -2?
-8c
In base 9, what is 8 - 5?
3
In base 14, what is -4 + -86?
-8a
In base 7, what is 1231 + -1?
1230
In base 16, what is 2 + -23?
-21
In base 9, what is -122 + 144?
22
In base 16, what is -7ce - -5?
-7c9
In base 12, what is 210b - 1?
210a
In base 5, what is 0 + 20?
20
In base 11, what is -5 + 20?
16
In base 5, what is -2 - -11141?
11134
In base 14, what is 1529 + -2?
1527
In base 3, what is 21 + -2?
12
In base 12, what is 3 + -7?
-4
In base 3, what is 0 + 222002?
222002
In base 14, what is -4 + 27?
23
In base 7, what is -1 - -25?
24
In base 2, what is 10 - 100101?
-100011
In base 13, what is 19 + 4?
20
In base 5, what is 1 + -140?
-134
In base 13, what is -2 + 168?
166
In base 4, what is -32 + 131?
33
In base 16, what is -6 + 1ab?
1a5
In base 4, what is 1232 + 1?
1233
In base 13, what is -c6 + 8?
-bb
In base 9, what is -168 + -16?
-185
In base 6, what is -202 + -31?
-233
In base 4, what is -1330 - -2?
-1322
In base 14, what is 249 + 1?
24a
In base 6, what is -122055 + 2?
-122053
In base 4, what is 11 - -133111?
133122
In base 7, what is 2 + 3053?
3055
In base 8, what is 43 - -10?
53
In base 4, what is -122203 + 3?
-122200
In base 3, what is -12 - 1001?
-1020
In base 13, what is 54 - 4?
50
In base 6, what is -13 - 35?
-52
In base 10, what is 433 - -9?
442
In base 15, what is b + b?
17
In base 3, what is -122100 - -11?
-122012
In base 8, what is -121 - 257?
-400
In base 2, what is -1010 + 10000100?
1111010
In base 2, what is -1 + -100111?
-101000
In base 13, what is 116b - 5?
1166
In base 11, what is 5 + 19?
23
In base 4, what is -211102 - 103?
-211211
In base 10, what is -23 + 32?
9
In base 5, what is 4 - 10141?
-10132
In base 3, what is -20 - 1121210?
-1122000
In base 2, what is -111110100 - 101?
-111111001
In base 10, what is 2 + -4477?
-4475
In base 2, what is 111 + 1110?
10101
In base 3, what is -102 - 220?
-1022
In base 13, what is -c + 6?
-6
In base 5, what is 1001 + -4?
442
In base 13, what is 95 + 19?
b1
In base 9, what is 15 + -31?
-15
In base 7, what is 1202 + 6?
1211
In base 7, what is -10 + -1511?
-1521
In base 4, what is -12 + -303111?
-303123
In base 6, what is -341 + 1?
-340
In base 8, what is -2 + -1152?
-1154
In base 5, what is 3221 - -21?
3242
In base 16, what is 1ea - 4?
1e6
In base 11, what is 62a + 1?
630
In base 6, what is 3 - 11051?
-11044
In base 7, what is 11 + -66?
-55
In base 5, what is 1 - 122?
-121
In base 10, what is 22 - 40?
-18
In base 11, what is -108 - 4?
-111
In base 16, what is -3 + 7?
4
In base 8, what is 36655 + 1?
36656
In base 10, what is -9 - -291?
282
In base 9, what is -2 - 1447?
-1450
In base 7, what is 4 - -154?
161
In base 4, what is -2 - -111322?
111320
In base 5, what is 4 + -3444?
-3440
In base 3, what is -20212 + 2?
-20210
In base 3, what is -1 - 1101?
-1102
In base 6, what is -115 + -5?
-124
In base 12, what is -19 + -11?
-2a
In base 11, what is -3a68 + 4?
-3a64
In base 3, what is -201 + -11111?
-12012
In base 11, what is 1436 + 2?
1438
In base 13, what is 5 + -72?
-6a
In base 5, what is 0 - -244?
244
In base 2, what is -1111010001 + -10?
-1111010011
In base 3, what is -12 - 12001?
-12020
In base 10, what is -4 + -7480?
-7484
In base 11, what is 5 + 14?
19
In base 11, what is 11 + 52?
63
In base 8, what is -3 + -47?
-52
In base 2, what is 10000000 + 101?
10000101
In base 8, what is -1611 + 22?
-1567
In base 15, what is 2 - 134?
-132
In base 7, what is -110 - -101?
-6
In base 15, what is 1d - 1b?
2
In base 12, what is -7 + -28?
-33
In base 6, what is 1 - 212?
-211
In base 9, what is -2 + 125?
123
In base 16, what is 7b6 + -4?
7b2
In base 12, what is 89 - 1?
88
In base 9, what is -1414 - 5?
-1420
In base 4, what is -11 - 10130?
-10201
In base 4, what is -10 + 1020?
1010
In base 12, what is -342 + 11?
-331
In base 9, what is -27684 - -1?
-27683
In base 15, what is 7eb - -5?
801
In base 3, what is -110 - 201111?
-201221
In base 14, what is 4 + 0?
4
In base 5, what is 10241 + 23?
10314
In base 2, what is 0 + 1111111?
1111111
In base 3, what is 11 + -201?
-120
In base 3, what is -222 + -122200?
-200122
In base 9, what is 17 + 218?
236
In base 16, what is 1 + 15?
16
In base 10, what is 536 - 2?
534
In base 6, what is -42414 - 2?
-42420
In base 4, what is 3323 + -3?
3320
In base 11, what is 72 - -3?
75
In base 16, what is 1b + 42?
5d
In base 13, what is -7 - -44?
3a
In base 2, what is -1 + 1100001010?
1100001001
In base 5, what is -3 + 213?
210
In base 5, what is 431 - -311?
1242
In base 8, what is -607 - -5?
-602
In base 12, what is -1b94 + 0?
-1b94
In base 16, what is -152 - 10?
-162
In base 4, what is -10 - 112?
-122
In base 3, what is 10 + 10102201?
10102211
In base 4, what is -3 + -130?
-133
In base 12, what is 204 + 1?
205
In base 15, what is 3 - -35e?
362
In base 8, what is 3 - -2023?
2026
In base 9, what is -85 + 1?
-84
In base 13, what is -323 - 3?
-326
In base 14, what is -6 + -2?
-8
In base 9, what is -2 + -247?
-250
In base 5, what is -100403 + 0?
-100403
In base 14, what is 80c + 0?
80c
In base 6, what is -15 - -4?
-11
In base 7, what is -3343 - 5?
-3351
In base 10, what is -1 + -6467?
-6468
In base 10, what is -264 + 0?
-264
In base 8, what is 5 + 1055?
1062
In base 7, what is 10 + -105?
-65
In base 13, what is -3 - 957?
-95a
In base 16, what is 1 - -19?
1a
In base 4, what is 132 - 33?
33
In base 2, what is 10 + 100010110?
100011000
In base 10, what is -1 + 38?
37
In base 6, what is 102 - 24?
34
In base 4, what is -11 - -221323?
221312
In base 14, what is 4 - 36?
-32
In base 3, what is 1212 - -20?
2002
In base 6, what is 0 - 541?
-541
In base 4, what is -1130 + 21?
-1103
In base 11, what is -5 - 39?
-43
In base 4, what is -1213 + 0?
-1213
In base 13, what is 1 + 293?
294
In base 9, what is -2 - 57?
-60
In base 5, what is -233 + 242?
4
In base 2, what is -101111 + 110?
-101001
In base 12, what is 2a - 1a?
10
In base 10, what is -7 + -234?
-241
In base 5, what is -2 - -23?
21
In base 8, what is 2556 - 0?
2556
In base 4, what is 1 - 32122?
-32121
In base 3, what is 1 + -1120?
-1112
In base 12, what is -19 + -15a?
-177
In base 14, what is -10d6 - -4?
-10d2
In base 3, what is 10 - 1?
2
In base 11, what is 2 - -342?
344
In base 9, what is 1 + -875?
-874
In base 5, what is 221 + 1140?
1411
In base 7, what is 2036 + -2?
2034
In base 7, what is 25 + 13?
41
In base 3, what is -2000011 + -11?
-2000022
In base 4, what is 11 + -21?
-10
In base 14, what is -1 - -b6?
b5
In base 2, what is 1 - 1000111?
-1000110
In base 14, what is -33 - -2?
-31
In base 5, what is 2 - 100302?
-100300
In base 4, what is 1210 - 1322?
-112
In base 2, what is 1000100 - 100